ber?
True
Is 2153740111 prime?
False
Is 1004482001 composite?
True
Is 212005357 composite?
True
Is 6328283189 prime?
False
Is 727536191 a prime number?
True
Is 138258517403 a prime number?
True
Is 1095588119 a composite number?
False
Is 141848827 prime?
False
Is 1143116341 a prime number?
False
Is 379715711 a prime number?
False
Is 48581500733 a composite number?
True
Is 65558587981 a composite number?
True
Is 4173365233 a prime number?
False
Is 1149730891 prime?
True
Is 20315177 prime?
True
Is 3705892321 composite?
False
Is 69142727541 composite?
True
Is 6956777557 a prime number?
True
Is 403924867 prime?
False
Is 308571127 composite?
True
Is 759267869 a composite number?
False
Is 1178238631 prime?
False
Is 122750387 composite?
True
Is 3386115217 prime?
False
Is 7635846961 a composite number?
False
Is 3460566181 a composite number?
False
Is 23499311 composite?
True
Is 2131642867 composite?
False
Is 39119022569 a composite number?
True
Is 3690699191 a prime number?
True
Is 26286278207 a composite number?
True
Is 71982967127 prime?
False
Is 4222755349 a prime number?
True
Is 1007847943 a prime number?
False
Is 1963810991 composite?
False
Is 99499546 composite?
True
Is 12504063157 composite?
True
Is 4518589879 composite?
False
Is 14812766471 a prime number?
False
Is 2985170567 a prime number?
True
Is 2643255919 prime?
True
Is 26260879129 a prime number?
False
Is 5279280479 a prime number?
False
Is 93208009 a prime number?
False
Is 5682190259 a prime number?
False
Is 54594406961 composite?
True
Is 138495230909 prime?
False
Is 9380746457 a prime number?
True
Is 3461868539 composite?
False
Is 26057629681 composite?
True
Is 233659779279 a prime number?
False
Is 2547753587 a composite number?
False
Is 43269039299 prime?
False
Is 1100305057 a composite number?
True
Is 696194773 composite?
False
Is 14370557459 a prime number?
True
Is 7860022061 prime?
False
Is 20671721267 prime?
True
Is 503129189 a composite number?
False
Is 123133067 prime?
True
Is 52982528861 a composite number?
False
Is 2150401586 a prime number?
False
Is 217615925671 a composite number?
False
Is 25530576991 prime?
False
Is 2746630171 a prime number?
True
Is 641739013 prime?
True
Is 161288747 composite?
False
Is 2744988719 prime?
False
Is 18245698109 composite?
False
Is 1315127677 a composite number?
False
Is 413594359 prime?
True
Is 9481876103 a prime number?
False
Is 458823473 composite?
True
Is 56794548581 prime?
False
Is 4970156137 a composite number?
True
Is 2706731267 prime?
False
Is 639852587 a composite number?
True
Is 18266402197 a composite number?
False
Is 2427172703 composite?
True
Is 1974323183 a composite number?
True
Is 92485420919 a composite number?
False
Is 3717624751 a composite number?
True
Is 27230305387 composite?
False
Is 1949638291 a composite number?
False
Is 58601428201 a prime number?
False
Is 96355412542 composite?
True
Is 3494111 a composite number?
True
Is 1913865361 a composite number?
False
Is 2843703389 a prime number?
True
Is 2344930409 prime?
False
Is 243115207 prime?
False
Is 1672890493 prime?
True
Is 261355463783 composite?
False
Is 1571241829 composite?
True
Is 29523997777 a prime number?
True
Is 1601120951 a composite number?
False
Is 215766283 a composite number?
False
Is 581345101 composite?
True
Is 14412158729 a prime number?
False
Is 20342240141 a prime number?
False
Is 436467557 a prime number?
True
Is 1345960783 composite?
False
Is 299992397 composite?
False
Is 15518250221 prime?
False
Is 148633436647 prime?
False
Is 18989459453 a composite number?
False
Is 1662345049 a composite number?
False
Is 2161696471 composite?
True
Is 16577232653 a composite number?
False
Is 9269223913 prime?
False
Is 685900889 a prime number?
True
Is 23972130751 prime?
True
Is 14155763 a composite number?
False
Is 404356559 a prime number?
False
Is 43273716289 a composite number?
True
Is 1239583157 a composite number?
False
Is 27402084709 prime?
True
Is 5746050907 prime?
False
Is 34370733139 composite?
True
Is 125735531 composite?
True
Is 22006297 composite?
True
Is 3851430859 composite?
True
Is 59447337743 a prime number?
True
Is 7696307959 a prime number?
False
Is 158050762931 a composite number?
True
Is 321519871 a prime number?
True
Is 3006051722 a prime number?
False
Is 665065367 a composite number?
False
Is 128961731 a composite number?
False
Is 136127021897 prime?
True
Is 8167738223 composite?
False
Is 181025567 a prime number?
True
Is 1798416119 composite?
True
Is 4439381417 composite?
False
Is 3022401901 composite?
False
Is 2780346929 prime?
False
Is 893276957 a composite number?
True
Is 92491205 prime?
False
Is 9521138141 a prime number?
True
Is 549992360477 composite?
True
Is 16783520119 a prime number?
True
Is 719775431 a composite number?
True
Is 2946647063 a composite number?
False
Is 1158472303 prime?
False
Is 171352903921 composite?
False
Is 11136544513 a composite number?
False
Is 948881431 composite?
False
Is 529238707 a composite number?
False
Is 11344608335 a composite number?
True
Is 2004011167 prime?
True
Is 198967823 prime?
False
Is 125973539 composite?
False
Is 224891753 composite?
False
Is 505140791 composite?
False
Is 4569397871 prime?
False
Is 2239580009 composite?
False
Is 80586559915 composite?
True
Is 969551707 a composite number?
True
Is 12718207357 a composite number?
True
Is 1776472519 composite?
True
Is 275017 composite?
True
Is 14144757313 composite?
False
Is 2053627319 prime?
False
Is 404910713 a composite number?
True
Is 2628064721 composite?
True
Is 3991789793 prime?
False
Is 10954265753 a composite number?
False
Is 702074411 a prime number?
False
Is 388854869 prime?
False
Is 1028443721 composite?
False
Is 3401955769 a prime number?
True
Is 14972371 a prime number?
False
Is 152125973 a prime number?
False
Is 37954210303 composite?
False
Is 41585341261 a composite number?
True
Is 68890099 prime?
True
Is 28300531 composite?
True
Is 855040961 a prime number?
False
Is 306858359 a composite number?
True
Is 777387329 prime?
False
Is 1383121559 composite?
True
Is 33673479317 prime?
False
Is 58098315181 a composite number?
False
Is 27159412537 prime?
True
Is 581927233 composite?
False
Is 2782376413 prime?
True
Is 164430644573 a composite number?
True
Is 722841211 a prime number?
False
Is 3665246477 prime?
True
Is 41063028481 a composite number?
False
Is 9395002513 prime?
False
Is 8193456919 a composite number?
False
Is 195245027 prime?
True
Is 796018889 a composite number?
True
Is 3779333917 a prime number?
False
Is 7195144147 prime?
False
Is 14551926817 a composite number?
False
Is 350002273 a composite number?
True
Is 16969787 composite?
False
Is 5293300631 a prime number?
False
Is 47120509 a prime number?
False
Is 350801929 a prime number?
False
Is 19820826499 a prime number?
True
Is 13668758767 a composite number?
False
Is 62533074467 a composite number?
False
Is 758083 prime?
True
Is 3355216993 a prime number?
False
Is 10840253 composite?
True
Is 174495271 a composite number?
True
Is 59155224613 a prime number?
True
Is 5044498973 composite?
False
Is 220414487 prime?
True
Is 5479053791 a composite number?
True
Is 2389307003 composite?
False
Is 1141832627 composite?
True
Is 7182696893 prime?
False
Is 1463194283 a prime number?
False
Is 623924263 prime?
True
Is 13366337163 composite?
True
Is 1297123811 prime?
False
Is 33855653729 prime?
False
Is 84631280719 a prime number?
True
Is 463709234423 a prime number?
True
Is 214360987 a prime number?
True
Is 1789542419 composite?
True
Is 79646888863 prime?
True
Is 19816801607 composite?
False
Is 73178117 composite?
False
Is 904782601 composite?
False
Is 763238207 composite?
False
Is 878238059 composite?
True
Is 844580017 a prime number?
False
Is 16429888789 a composite number?
False
Is 3688617911 a prime number?
False
Is 79358738141 a composite number?
False
Is 11003668669 composite?
True
Is 828835229 prime?
True
Is 3922209367 a composite number?
False
Is 666305539 prime?
False
Is 6039148057 a composite number?
False
Is 3143541407 prime?
True
Is 33877940977 a prime number?
True
Is 1502370602 a composite number?
True
Is 6291730987 a prime number?
False
Is 18533919163 a composite number?
True
Is 1360252741 prime?
True
Is 256861463 composite?
False
Is 73196121659 prime?
False
Is 51833441